-p**3 + 74*p**2 - 1518*p + 105538. Give f(73).
53
Let o(l) = -l**3 + 193*l**2 + 472*l - 16222. Determine o(195).
-232
Let j(w) = -12*w**2 - 4304*w - 56569. What is j(-345)?
11
Let f(u) = -792*u - 357914. Determine f(-452).
70
Let i(k) = k**2 - 261918*k - 1571540. Give i(-6).
4
Let o(z) = 9*z**2 + 674*z - 1487. Calculate o(-77).
-24
Let t(d) = 53*d - 700. Give t(4).
-488
Let h(t) = -54*t**2 - 1640*t - 538. Determine h(-30).
62
Let o(h) = -9829*h + 884671. Calculate o(90).
61
Let s(p) = -13*p**3 + 74*p**2 - 382*p + 462. Determine s(3).
-369
Let x(i) = -10299*i - 113333. What is x(-11)?
-44
Let u(n) = 14*n**2 - 603*n - 18890. Calculate u(64).
-138
Let m(f) = -f**3 - 1176*f**2 - 2343*f. Calculate m(-2).
-10
Let n(i) = 4*i**2 + 342*i + 1723. Calculate n(-5).
113
Let y(h) = h**3 - 478*h**2 - 3375*h + 95. What is y(-7)?
-45
Let q(y) = 678*y - 316627. What is q(467)?
-1
Let z(a) = a**3 + 372*a**2 + 21585*a - 4498. Calculate z(-300).
2
Let d(g) = -g**2 - 15*g + 497. Determine d(-35).
-203
Let o(l) = -103907*l + 36. What is o(0)?
36
Let f(u) = -913*u**3 - 9130*u**2 + 5*u + 45. Determine f(-10).
-5
Let c(w) = -w**3 + 1881*w**2 + 272161*w + 137. Calculate c(-135).
2
Let k(n) = -n**2 - 75*n + 1298. Calculate k(-87).
254
Let j(t) = 2*t**2 - 621*t - 138857. Give j(461).
-96
Let i(v) = 10*v**2 - 103*v - 6046. Determine i(-20).
14
Let l(h) = -5853*h - 146300. Give l(-25).
25
Let h(k) = k**3 + 116*k**2 - 92*k + 2123. Determine h(-117).
-802
Let k(m) = 28058*m - 308228. Determine k(11).
410
Let x(m) = m**3 - 49*m**2 - 205*m + 387. Calculate x(53).
758
Let g(o) = -74*o**3 + 4*o**2 + 148*o - 150. Determine g(1).
-72
Let m(n) = -57*n**3 - 375*n**2 - 209*n + 1. Give m(-6).
67
Let l(q) = 3716*q - 11575. What is l(3)?
-427
Let s(q) = -q**3 - 13*q**2 - 322*q - 4168. Determine s(-13).
18
Let v(b) = -7*b**3 - 103*b**2 - 316*b - 338. Calculate v(-11).
-8
Let p(i) = 2*i**2 - 43*i - 801. Determine p(-10).
-171
Let a(u) = 16*u**3 + 11*u**2 + 33*u + 16. What is a(-4)?
-964
Let w(p) = 421*p**3 - 7154*p**2 + 48*p - 1689. Calculate w(17).
-6
Let n(c) = -7266*c + 21296. Calculate n(3).
-502
Let y(w) = 25843*w + 179657. Determine y(-7).
-1244
Let h(g) = 4*g**2 - 1044*g + 11938. Calculate h(249).
-14
Let l(t) = -15*t**2 + 5396*t + 1449. Determine l(360).
9
Let j(v) = -v**3 + 286*v**2 + 3586*v - 3855. What is j(298)?
-875
Let s(p) = p**3 - 2*p**2 - 2352*p + 11831. Give s(5).
146
Let m(s) = 39*s**3 - 199*s**2 - 6*s - 20. Calculate m(5).
-150
Let p(k) = -2279*k + 1330868. Give p(584).
-68
Let i(p) = -95*p**2 + 3296*p + 10738. What is i(-3)?
-5
Let g(p) = -3693*p + 1864970. Calculate g(505).
5
Let z(d) = 42443*d + 3225658. Give z(-76).
-10
Let v(k) = k**2 - 148*k - 3815. What is v(-32)?
1945
Let l(d) = -10*d**2 + 928*d - 9622. What is l(12)?
74
Let s(v) = -5032*v**2 - 80450*v + 995. What is s(-16)?
3
Let j(k) = k**3 - 417*k**2 - 400*k - 7540. Calculate j(418).
-16
Let g(y) = -168*y - 16918. Give g(-100).
-118
Let u(f) = 29616*f + 29617. Calculate u(-1).
1
Let i(k) = -10*k**2 + 145*k + 431. Give i(17).
6
Let x(o) = o**3 + 199*o**2 + 1889*o - 175. What is x(-189)?
14
Let f(z) = -2132357*z + 31985357. Give f(15).
2
Let v(p) = -25*p**2 - 41512*p + 63168. Give v(-1662).
12
Let w(p) = 4*p**3 + 674*p**2 - 1020*p - 56. Calculate w(-170).
-56
Let n(k) = -k**3 + 25*k + 67. What is n(-3)?
19
Let b(a) = 2*a**3 - 177*a**2 + 1947*a - 1313. Give b(12).
19
Let v(n) = -n**3 - 93*n**2 + 6212*n + 165. What is v(-138)?
-111
Let y(o) = -990*o**2 - 193053*o - 650. Determine y(-195).
-65
Let p(d) = d**2 - 652*d - 8701. Determine p(-13).
-56
Let n(q) = 8698*q - 17409. Determine n(2).
-13
Let q(h) = h**2 + 792*h - 17782. Determine q(22).
126
Let m(c) = -4*c**2 + 582. What is m(19)?
-862
Let y(i) = 2*i**3 - 224*i**2 - 22527*i - 95. Give y(176).
81
Let n(z) = -2674*z - 157841. Determine n(-59).
-75
Let l(a) = 3*a**3 - 338*a**2 - 134*a + 2379. Calculate l(113).
6
Let z(j) = 7*j**2 - 109*j - 100. Determine z(13).
-334
Let y(n) = 2*n**3 - 29*n**2 + 9756*n - 177878. Determine y(18).
-2
Let h(l) = 5*l**2 - 786*l - 2991. Give h(161).
68
Let a(g) = 147*g + 662. Determine a(-2).
368
Let z(d) = 51*d**2 + 1937*d - 1994. Calculate z(-39).
34
Let l(i) = -27*i**2 - 40*i - 77. Calculate l(-5).
-552
Let f(j) = j**3 + 95*j**2 + 2088*j - 419. Calculate f(-35).
1
Let f(k) = k**2 - 28*k - 81. Give f(33).
84
Let v(l) = 3*l**3 - 537*l**2 + 1057*l + 309. What is v(177)?
-576
Let w(l) = 4805*l + 989833. Calculate w(-206).
3
Let i(v) = -4*v**3 - 780*v**2 - 3070*v - 2667. Determine i(-191).
7
Let p(l) = 722*l + 11634. Calculate p(-16).
82
Let n(f) = 2*f**3 - 446*f**2 + 1313*f + 917. What is n(220)?
-623
Let r(a) = 12*a**2 + 132*a + 86. Give r(-10).
-34
Let m(i) = -i**3 - 37*i**2 - 78*i - 1. Calculate m(0).
-1
Let g(f) = f**2 - 488*f + 11136. Give g(24).
0
Let k(p) = 200*p - 8238. Give k(50).
1762
Let l(k) = -k**3 - 47*k**2 + 601*k + 1782. Determine l(-57).
15
Let f(d) = 185*d**2 - 1305*d + 5. What is f(7)?
-65
Let d(b) = 43*b + 4978. Determine d(-114).
76
Let t(v) = 375*v**3 - 5626*v**2 - 24*v - 100. What is t(15)?
-685
Let a(o) = 76*o - 5022. Determine a(64).
-158
Let f(b) = -38*b**2 + 1963*b + 20730. Calculate f(-9).
-15
Let v(u) = u**3 + 185*u**2 - 551*u + 2784. Determine v(-188).
340
Let l(u) = 3*u**3 - 71*u**2 + 4026*u + 8363. What is l(-2)?
3
Let t(c) = -73*c + 25459. Calculate t(359).
-748
Let p(k) = -1519*k + 26841. Give p(18).
-501
Let s(n) = -3*n**3 + 7*n**2 - 17*n + 82. Give s(9).
-1691
Let g(y) = -6*y**3 + 640*y**2 + 3860*y + 31. Give g(-6).
1207
Let f(y) = 7*y**3 + 5*y**2 - 466*y - 1388. Calculate f(-3).
-134
Let r(z) = 4*z**2 + 257*z + 2712. What is r(-13)?
47
Let m(i) = i**3 - 121*i**2 - 5515*i + 648084. Determine m(123).
-3
Let j(w) = 54*w**3 - 1990*w**2 - 299*w + 108. Give j(37).
-3
Let p(x) = x**3 - 7*x**2 - 409*x + 13. Determine p(-17).
30
Let d(v) = -5*v**3 - 270*v**2 - 2079*v - 112331. Determine d(-54).
-65
Let y(f) = f**3 - 36*f**2 + 67*f + 2412. What is y(21)?
-2796
Let f(s) = 845*s + 9302. Give f(-11).
7
Let n(t) = -27879*t + 278502. Determine n(10).
-288
Let s(k) = -6848*k + 172030. Determine s(25).
830
Let j(d) = 4*d**2 + 1953*d + 24712. Calculate j(-13).
-1
Let l(o) = 10*o**2 - 3191*o + 25208. Determine l(311).
17
Let q(d) = -8*d**2 - 4813*d - 198845. Calculate q(-557).
4
Let d(y) = -1478*y - 1171567. Determine d(-793).
487
Let u(l) = -34*l**3 - 137*l**2 - 266*l - 1041. What is u(-4)?
7
Let a(k) = 6*k**3 - 128*k**2 + 56*k + 130. Give a(21).
424
Let c(j) = -84676*j + 1270130. Determine c(15).
-10
Let c(g) = 18*g**2 - 384*g - 2409. Determine c(-7).
1161
Let p(z) = 221*z + 24293. Give p(-110).
-17
Let b(u) = -2*u**3 - 648*u**2 - 13329*u - 12395. What is b(-302)?
-13
Let d(g) = -80*g - 7558. Give d(-103).
682
Let j(i) = i**2 + 229947*i + 4368630. Determine j(-19).
-2
Let s(m) = -6*m**3 - 66*m**2 + 114*m + 505. Calculate s(-12).
1
Let z(c) = -3*c**2 - 1209*c - 115596. What is z(-247)?
0
Let m(a) = a**3 - 191*a**2 + 2610*a - 373. Determine m(15).
-823
Let v(y) = 9*y**2 - 3069*y + 27437. Give v(9).
545
Let p(a) = -a**2 + 963*a - 23434. What is p(24)?
-898
Let f(b) = -11175*b + 704030. Give f(63).
5
Let b(h) = -524*h - 102539. Determine b(-196).
165
Let t(r) = 249646*r + 2746189. Calculate t(-11).
83
Let b(j) = -463*j + 1290. What is b(-2)?
2216
Let z(s) = -31073*s - 4909528. Determine z(-158).
6
Let l(w) = w**2 - 482*w + 47686. Calculate l(344).
214
Let n(x) = -7*x**2 - 621*x - 5920. What is n(-11)?
64
Let p(y) = -30*y - 1513. What is p(-34)?
-493
Let q(y) = 56*y**2 + 1078*y + 19. What is q(-20)?
859
Let d(l) = l**3 + 13*l**2 + 191*l + 312. Calculate d(-11).
-1547
Let n(h) = -117*h**2 - 1546*h + 782. Calculate n(-15).
-2353
Let z(y) = -22201*y - 21468372. What is z(-967)?
-5
Let j(r) = 4*r**2 + 198*r - 4798. Give j(-67).
-108
Let s(c) = 40*c**2 + 823*c - 933. Calculate s(-21).
-576
Let p(j) = -155*j - 7194. Determine p(-49).
401
Let u(j) = 3*j**2 + 132560*j - 265130. Determine u(2).
2
Let r(b) = -1077*b + 53907. Calculate r(50).
57
Let t(y) = -27*y**2 - 2103*y + 14759. Give t(7).
-1285
Let y(q) = -q**3 - 16*q**2 + 8467*q + 159859. Determine y(-19).
69
Let f(s) = 343*s - 17098. Determine f(51).
395
Let w(k) = 2*k**2 - 261*k - 4404. Calculate w(-16).
284
Let x(o) = 16*o**3 + 239*o**2 - 4*o + 339. Calculate x(-15).